d**3 + 10*d**2 - 14*d - 26. What is the remainder when k(-9) is divided by 17?
11
Let m be 350/4*8/5. Let k = m + -136. What is the remainder when k is divided by 4 - 1/(0 + 1)?
1
Suppose -4*d = 5*r + 12, 4*d = -0*d - 2*r. Suppose -d*n + 9 - 5 = 0. What is the remainder when 58 is divided by 1*15 + (-1 - n)?
10
Let d be 4 - 4 - -2 - 4. Calculate the remainder when (-62)/d + (-2 - (-3 + 4)) is divided by 6.
4
Suppose 7 = -4*m - 1. Let j(v) = -5*v. Let l be j(m). Suppose -9*s = -l*s + 9. Calculate the remainder when s is divided by 3.
0
Let d(g) = g**3 - 2*g**2 - 4*g - 8. Let l be d(4). Let x(k) = k**3 - 8*k**2 + k - 6. Calculate the remainder when 6 is divided by x(l).
0
Suppose -i + 2*u = 3*u - 219, -i + 3*u = -203. Calculate the remainder when i is divided by 36.
35
Let z(m) = -m**3 + 5*m**2 + m - 16. Let b be z(4). Suppose 6 = -o - 3*j, 5*o - 14 + b = -5*j. Calculate the remainder when 9 is divided by o.
3
Suppose -y + 42 = 2*q, 3*y + 77 = 5*q - 17. Suppose 13*x - q*x = -329. Calculate the remainder when x is divided by 12.
11
Let h = 631 + -619. Calculate the remainder when 490 is divided by h.
10
Let o(p) = -2*p**2 + 10*p + 5. Let w be o(7). Let c = w - -20. Calculate the remainder when 49 is divided by (-79 + 4)/c*1.
24
Let z = 5 + 32. Let a = -30 + z. What is the remainder when 27 is divided by a?
6
Let z be 2 + 0/4 + 2. Suppose -z = -4*s, -s = o + 2*s - 25. Calculate the remainder when 64 is divided by o.
20
Let f = 10 - 22. What is the remainder when 20 is divided by (f - -12) + (-6)/(-2)?
2
Suppose 20*m - 20 = -2*o + 17*m, -2*m = 2*o - 16. What is the remainder when 94 is divided by o?
2
Let d(f) = -7*f - 4. Let i = -14 + 7. Calculate the remainder when d(i) is divided by (-58)/(-5) + 56/140.
9
Suppose -11*t + 6*t = -35. Calculate the remainder when 76 is divided by t.
6
Let s = 405 + -198. What is the remainder when s is divided by 21?
18
Let v(u) = 20*u**2 + 10*u + 8. Calculate the remainder when 47 is divided by v(-1).
11
Calculate the remainder when (-118)/1003 - (-13521)/51 is divided by 55.
45
Suppose -8*k + 906 = -1902. Calculate the remainder when k is divided by 11.
10
Suppose -12 = -4*j, y - 3*j + 10 = j. Let x(g) be the first derivative of -2*g**2 - 14*g + 12. Calculate the remainder when x(-5) is divided by y.
0
Let b = 289 + -273. Calculate the remainder when 155 is divided by b.
11
Suppose 264 = 4*z - 84. What is the remainder when z is divided by 25?
12
Let j be ((-2)/(-4))/(-2 + (-19)/(-10)). What is the remainder when (56/12 + j)/(1/(-123)) is divided by ((-66)/24)/(2/(-8))?
8
Suppose -2*y + 2*a - 12 = 0, -4*y - a - 44 = -0*y. Calculate the remainder when 28/3 - (-2)/(-6) is divided by 24/(-21)*35/y.
1
Let h = -21 + 33. Suppose l = -2*l + h. Calculate the remainder when 32 is divided by 1*(17 + (l - 4)).
15
Let u(t) = -48*t - 222. Calculate the remainder when 394 is divided by u(-6).
64
Let p(m) = 5*m + 355. Calculate the remainder when 194 is divided by p(-51).
94
Let q(i) = -5*i + 119. What is the remainder when 22 is divided by q(21)?
8
Let u = 974 - 930. What is the remainder when u is divided by 34?
10
Let a = 1306 - 1237. Calculate the remainder when 177 is divided by a.
39
Let z = -114 - -116. Suppose -3*r = 2*b - 8 - 2, -z = -r - b. Let g = -8 + 12. Calculate the remainder when r is divided by g.
2
Let i = 345 + -151. Calculate the remainder when i is divided by 7.
5
Let h(u) = -14*u**2. Let r be -3 + 1 - (12 + -15). Let c be h(r). What is the remainder when 38 is divided by 136/14 + (-4)/c?
8
Let s(w) = -2*w**2 + 21*w - 30. Calculate the remainder when 48 is divided by s(8).
8
Let r = 716 + -674. Calculate the remainder when 418 is divided by r.
40
Suppose 66 = 4*d - 22. What is the remainder when (-726)/(-18) - 2/6 is divided by d?
18
Calculate the remainder when 28 is divided by 14/21*12/1.
4
Suppose 4*n - 5*n - 2*x + 533 = 0, 2*x - 2156 = -4*n. Calculate the remainder when n is divided by 109.
105
Calculate the remainder when 125 is divided by 3*(-2)/12*2 - -19.
17
Suppose k + 14 = -k. Let y(q) = -q**2 - 10*q - 8. Calculate the remainder when 24 is divided by y(k).
11
Suppose 2*f = -3*m + 472 + 265, -4*m + 356 = f. What is the remainder when f is divided by 28?
12
Let j = -14 - -25. Suppose 38 = -21*a + 458. What is the remainder when a is divided by j?
9
Let z = 315 + -309. What is the remainder when 149 is divided by z?
5
Suppose -10 = -5*i - 0*i. Suppose -i*v = 2*v. Suppose f = -v*f + 6. Calculate the remainder when 20 is divided by f.
2
Let i be 1*(-1 - -2)*-25. Let u(k) = k**3 - 11*k**2 + 28*k - 7. Let r be u(8). Let a = r - i. What is the remainder when a is divided by 14?
8
Let r(u) = -u**3 - 4*u**2 + 12*u - 2. What is the remainder when r(-8) is divided by 127?
31
Let t = 48 + -55. Let n = 6 - t. Calculate the remainder when 75 is divided by n.
10
What is the remainder when (7239/114)/(1/22) is divided by 14?
11
Let p be ((-1)/3)/(10/120). Let c be (-5 - p) + (-8)/(-2). Suppose c*d - 2*d - 4 = 0. What is the remainder when 14 is divided by d?
2
Let f = 34 + -26. Suppose -3*k = -4*a + 149, 0 = -2*a + 3*k - f*k + 55. What is the remainder when 67 is divided by a?
32
Let v(f) = -4*f - 5. Suppose 5*b = -4*p + 23, -19*p - b - 29 = -21*p. What is the remainder when v(-7) is divided by p?
11
Let y = 114 + -83. What is the remainder when y is divided by 16?
15
Let i(s) = s + 11. Let n be i(0). Suppose p = -8 + n. What is the remainder when p is divided by 3?
0
Let t = -183 + 115. Let r = t + 112. Suppose -2*s = 2*z - r, -3*z + 4*s = -z - 38. Calculate the remainder when z is divided by 11.
10
Let z = -12 + 36. Let r = 35 - z. Let k(i) = i**3 + 4*i**2 - 5*i + 4. Calculate the remainder when r is divided by k(-5).
3
Suppose 0 = -p + 4*w + 16, 3*p - 2*w + 3 = 11. Suppose p = 3*q - 18 - 0. What is the remainder when q is divided by 4?
2
Suppose -f = -27*l + 31*l - 47, -3*l + 4*f + 40 = 0. What is the remainder when 41 is divided by l?
5
Let f(p) = -p**3 + 7*p**2 + 10*p - 10. Let r be f(8). Suppose 2*j + r*j = 200. What is the remainder when 36 is divided by j?
11
Let n(l) = l**3 + 6*l**2 + l + 2. Let v be n(-5). Let m = 64 - v. Calculate the remainder when m is divided by 15.
12
Let q = -36 + 21. Let o = q + 60. What is the remainder when o is divided by 12?
9
Let m(k) = -k**3 - 8*k**2 + 10. Let y be m(-8). Calculate the remainder when 130 is divided by 4/y + 912/20 + -2.
42
Let h be (-39)/(-52) - 9/(-4). What is the remainder when 89 is divided by (23/h)/((-2)/(-6))?
20
Suppose -3*j + 22 = -j. Suppose -2 + 5 = -m, -m + 38 = x. Calculate the remainder when x is divided by j.
8
Let z = -10 + 21. Suppose -3*j - 22 = 3*f - 244, 0 = -f. What is the remainder when j is divided by z?
8
Let k be (158/(-6))/1 + 4/(-6). Let g = k + 31. What is the remainder when 5 is divided by g?
1
Suppose 0 = -3*x + 162 - 141. What is the remainder when 153 is divided by x?
6
Let g be ((-24)/3 - -4) + -5. Let d(w) = -w**3 - 9*w**2 + 4. Calculate the remainder when 4 is divided by d(g).
0
Suppose 74*v - 75*v + 5*a + 7 = 0, 2*v - 14 = -2*a. What is the remainder when 44 is divided by v?
2
Calculate the remainder when 137 is divided by (-2)/(4*10/(-840)).
11
Let t(a) = -a**3 + 6*a**2 + 5*a + 16. Let h be t(7). Calculate the remainder when (-84)/(-9) + h/3 is divided by 3.
1
Let k(h) = 1 - 10 + 10*h + 3 - h**2. What is the remainder when 34 is divided by k(4)?
16
Let n = 40 - 35. Let l = 145 - 129. What is the remainder when l is divided by n?
1
Suppose 47 = 3*o - 112. Calculate the remainder when o is divided by ((-96)/(-9))/(-4)*63/(-12).
11
Let z be (-1)/(-4) - 90/(-24). Suppose 86 = z*m - 46. Calculate the remainder when m is divided by 10 - (-6)/(-2 + 5).
9
Suppose -3*x = -5*u + 524, 2*u - 162 = 5*x + 40. What is the remainder when 332 is divided by u?
14
Let m(r) = -r**3 + 16*r**2 - 26*r - 14. Calculate the remainder when 22 is divided by m(14).
8
Calculate the remainder when 10/15*6 - -582 is divided by 21.
19
Suppose -2*o + 76 = 2*z, -o - 3 - 1 = 0. What is the remainder when 881 is divided by z?
41
Suppose q + 4 = 0, 3*h + 4*q - 20 = 27. Let x = 1 + 0. Calculate the remainder when h is divided by 7 + x + (1 - 1).
5
Let j(v) = 16*v + 2. Let o be j(-1). Let m = -31 - o. Let w = m - -31. Calculate the remainder when 68 is divi